{"id":13185,"date":"2021-04-02T17:42:00","date_gmt":"2021-04-02T16:42:00","guid":{"rendered":"https:\/\/lavirgendelcamino.info\/doblevradio\/?page_id=13185"},"modified":"2025-10-08T10:34:14","modified_gmt":"2025-10-08T09:34:14","slug":"trovador-urbano","status":"publish","type":"page","link":"https:\/\/lavirgendelcamino.info\/doblevradio\/?page_id=13185","title":{"rendered":"Trovador Urbano"},"content":{"rendered":"\n<p class=\"has-text-align-center\"><img decoding=\"async\" alt=\"Doble V radio\" width=\"351\" height=\"202\" data-src=\"https:\/\/lavirgendelcamino.info\/doblevradio\/wp-content\/uploads\/2020\/05\/Logo-Trovador-2.png\" src=\"data:image\/gif;base64,R0lGODlhAQABAAAAACH5BAEKAAEALAAAAAABAAEAAAICTAEAOw==\" class=\"lazyload\" style=\"--smush-placeholder-width: 351px; --smush-placeholder-aspect-ratio: 351\/202;\"><\/p>\n\n\n\n<p>Programa musical con una larga trayectoria, dedicado al Rock (Metal, Punk\u2026) y apoyando a las bandas n\u00f3veles e independientes de nuestro pa\u00eds.<\/p>\n\n\n\n<p class=\"has-text-align-center\"><em><strong>Director y Presentador: David Calder\u00f3n<\/strong><\/em><\/p>\n\n\n\n<p class=\"has-text-align-center\"><strong>Horario: MARTES de 20:00 a 21:00 h.<\/strong><\/p>\n\n\n\n<p>SI TE HAS PERDIDO ALGUN PROGRAMA PUEDES ESCUCHARLO AQUI.<\/p>\n\n\n\n<iframe data-src=\"https:\/\/www.ivoox.com\/player_es_podcast_8147_zp_1.html?c1=727473\" width=\"100%\" height=\"400\" frameborder=\"0\" allowfullscreen=\"\" scrolling=\"no\" src=\"data:image\/gif;base64,R0lGODlhAQABAAAAACH5BAEKAAEALAAAAAABAAEAAAICTAEAOw==\" class=\"lazyload\" data-load-mode=\"1\"><\/iframe>\n","protected":false},"excerpt":{"rendered":"<p>Programa musical con una larga trayectoria, dedicado al Rock (Metal, Punk\u2026) y apoyando a las bandas n\u00f3veles e independientes de nuestro pa\u00eds. Director y Presentador: David Calder\u00f3n Horario: MARTES de 20:00 a 21:00 h. SI TE HAS PERDIDO ALGUN PROGRAMA PUEDES ESCUCHARLO AQUI.<\/p>\n","protected":false},"author":1,"featured_media":0,"parent":0,"menu_order":0,"comment_status":"closed","ping_status":"closed","template":"","meta":{"ocean_post_layout":"","ocean_both_sidebars_style":"","ocean_both_sidebars_content_width":0,"ocean_both_sidebars_sidebars_width":0,"ocean_sidebar":"0","ocean_second_sidebar":"0","ocean_disable_margins":"enable","ocean_add_body_class":"","ocean_shortcode_before_top_bar":"","ocean_shortcode_after_top_bar":"","ocean_shortcode_before_header":"","ocean_shortcode_after_header":"","ocean_has_shortcode":"","ocean_shortcode_after_title":"","ocean_shortcode_before_footer_widgets":"","ocean_shortcode_after_footer_widgets":"","ocean_shortcode_before_footer_bottom":"","ocean_shortcode_after_footer_bottom":"","ocean_display_top_bar":"default","ocean_display_header":"default","ocean_header_style":"","ocean_center_header_left_menu":"0","ocean_custom_header_template":"0","ocean_custom_logo":0,"ocean_custom_retina_logo":0,"ocean_custom_logo_max_width":0,"ocean_custom_logo_tablet_max_width":0,"ocean_custom_logo_mobile_max_width":0,"ocean_custom_logo_max_height":0,"ocean_custom_logo_tablet_max_height":0,"ocean_custom_logo_mobile_max_height":0,"ocean_header_custom_menu":"0","ocean_menu_typo_font_family":"0","ocean_menu_typo_font_subset":"","ocean_menu_typo_font_size":0,"ocean_menu_typo_font_size_tablet":0,"ocean_menu_typo_font_size_mobile":0,"ocean_menu_typo_font_size_unit":"px","ocean_menu_typo_font_weight":"","ocean_menu_typo_font_weight_tablet":"","ocean_menu_typo_font_weight_mobile":"","ocean_menu_typo_transform":"","ocean_menu_typo_transform_tablet":"","ocean_menu_typo_transform_mobile":"","ocean_menu_typo_line_height":0,"ocean_menu_typo_line_height_tablet":0,"ocean_menu_typo_line_height_mobile":0,"ocean_menu_typo_line_height_unit":"","ocean_menu_typo_spacing":0,"ocean_menu_typo_spacing_tablet":0,"ocean_menu_typo_spacing_mobile":0,"ocean_menu_typo_spacing_unit":"","ocean_menu_link_color":"","ocean_menu_link_color_hover":"","ocean_menu_link_color_active":"","ocean_menu_link_background":"","ocean_menu_link_hover_background":"","ocean_menu_link_active_background":"","ocean_menu_social_links_bg":"","ocean_menu_social_hover_links_bg":"","ocean_menu_social_links_color":"","ocean_menu_social_hover_links_color":"","ocean_disable_title":"default","ocean_disable_heading":"default","ocean_post_title":"","ocean_post_subheading":"","ocean_post_title_style":"","ocean_post_title_background_color":"","ocean_post_title_background":0,"ocean_post_title_bg_image_position":"","ocean_post_title_bg_image_attachment":"","ocean_post_title_bg_image_repeat":"","ocean_post_title_bg_image_size":"","ocean_post_title_height":0,"ocean_post_title_bg_overlay":0.5,"ocean_post_title_bg_overlay_color":"","ocean_disable_breadcrumbs":"default","ocean_breadcrumbs_color":"","ocean_breadcrumbs_separator_color":"","ocean_breadcrumbs_links_color":"","ocean_breadcrumbs_links_hover_color":"","ocean_display_footer_widgets":"default","ocean_display_footer_bottom":"default","ocean_custom_footer_template":"0","footnotes":""},"class_list":["post-13185","page","type-page","status-publish","hentry","entry"],"_links":{"self":[{"href":"https:\/\/lavirgendelcamino.info\/doblevradio\/index.php?rest_route=\/wp\/v2\/pages\/13185","targetHints":{"allow":["GET"]}}],"collection":[{"href":"https:\/\/lavirgendelcamino.info\/doblevradio\/index.php?rest_route=\/wp\/v2\/pages"}],"about":[{"href":"https:\/\/lavirgendelcamino.info\/doblevradio\/index.php?rest_route=\/wp\/v2\/types\/page"}],"author":[{"embeddable":true,"href":"https:\/\/lavirgendelcamino.info\/doblevradio\/index.php?rest_route=\/wp\/v2\/users\/1"}],"replies":[{"embeddable":true,"href":"https:\/\/lavirgendelcamino.info\/doblevradio\/index.php?rest_route=%2Fwp%2Fv2%2Fcomments&post=13185"}],"version-history":[{"count":4,"href":"https:\/\/lavirgendelcamino.info\/doblevradio\/index.php?rest_route=\/wp\/v2\/pages\/13185\/revisions"}],"predecessor-version":[{"id":13468,"href":"https:\/\/lavirgendelcamino.info\/doblevradio\/index.php?rest_route=\/wp\/v2\/pages\/13185\/revisions\/13468"}],"wp:attachment":[{"href":"https:\/\/lavirgendelcamino.info\/doblevradio\/index.php?rest_route=%2Fwp%2Fv2%2Fmedia&parent=13185"}],"curies":[{"name":"wp","href":"https:\/\/api.w.org\/{rel}","templated":true}]}}