{"id":13144,"date":"2021-04-02T17:15:55","date_gmt":"2021-04-02T16:15:55","guid":{"rendered":"https:\/\/lavirgendelcamino.info\/doblevradio\/?page_id=13144"},"modified":"2025-05-29T11:20:13","modified_gmt":"2025-05-29T10:20:13","slug":"golpe-de-voz","status":"publish","type":"page","link":"https:\/\/lavirgendelcamino.info\/doblevradio\/?page_id=13144","title":{"rendered":"Golpe de Voz"},"content":{"rendered":"\n<p class=\"has-text-align-center\"><img decoding=\"async\" alt=\"Doble V radio\" width=\"478\" height=\"478\" data-src=\"https:\/\/lavirgendelcamino.info\/doblevradio\/wp-content\/uploads\/2020\/02\/Logo-GOLPE-DE-VOZ-RADIO-color-copia.jpg\" src=\"data:image\/gif;base64,R0lGODlhAQABAAAAACH5BAEKAAEALAAAAAABAAEAAAICTAEAOw==\" class=\"lazyload\" style=\"--smush-placeholder-width: 478px; --smush-placeholder-aspect-ratio: 478\/478;\"><\/p>\n\n\n\n<p class=\"has-text-align-left\">Golpe de Voz es un programa de Doble V radio en el que podr\u00e1s encontrar el mejor rock del panorama nacional actual. En Golpe de Voz no faltaran las entrevistas a los grupos m\u00e1s destacados, Novedades Musicales, Rese\u00f1as y Agenda de Conciertos.<\/p>\n\n\n\n<p class=\"has-text-align-center\"><img decoding=\"async\" width=\"450\" height=\"300\" alt=\"Doble V radio\" data-src=\"https:\/\/lavirgendelcamino.info\/doblevradio\/wp-content\/uploads\/2013\/05\/Juan-sin-Tetxo_450.jpg\" src=\"data:image\/gif;base64,R0lGODlhAQABAAAAACH5BAEKAAEALAAAAAABAAEAAAICTAEAOw==\" class=\"lazyload\" style=\"--smush-placeholder-width: 450px; --smush-placeholder-aspect-ratio: 450\/300;\"><\/p>\n\n\n\n<p class=\"has-text-align-center\"><em><strong>Director y Presentador: Juan Sin Tetxo<\/strong><\/em><\/p>\n\n\n\n<p class=\"has-text-align-center\"><em><strong>Colaborador: Manolo Garito<\/strong><\/em><\/p>\n\n\n\n<p class=\"has-text-align-center\"><strong>Horario: LUNES de 18:00 a 20:00 h.<\/strong><\/p>\n\n\n\n<p><\/p>\n\n\n\n<p class=\"has-text-align-left\"><strong><mark style=\"background-color:rgba(0, 0, 0, 0)\" class=\"has-inline-color has-black-color\">SI TE HAS PERDIDO ALGUN PROGRAMA PUEDES ESCUCHARLO AQUI.<\/mark><\/strong><\/p>\n\n\n\n<iframe data-src=\"https:\/\/www.ivoox.com\/_p3_2394095_1.html\" width=\"320\" height=\"111\" frameborder=\"0\" allowfullscreen=\"\" scrolling=\"no\" src=\"data:image\/gif;base64,R0lGODlhAQABAAAAACH5BAEKAAEALAAAAAABAAEAAAICTAEAOw==\" class=\"lazyload\" data-load-mode=\"1\"><\/iframe>\n\n\n\n<iframe data-src=\"https:\/\/www.ivoox.com\/player_es_podcast_2394095_zp_1.html?c1=f5e74c\" width=\"100%\" height=\"400\" frameborder=\"0\" allowfullscreen=\"\" scrolling=\"no\" src=\"data:image\/gif;base64,R0lGODlhAQABAAAAACH5BAEKAAEALAAAAAABAAEAAAICTAEAOw==\" class=\"lazyload\" data-load-mode=\"1\"><\/iframe>\n","protected":false},"excerpt":{"rendered":"<p>Golpe de Voz es un programa de Doble V radio en el que podr\u00e1s encontrar el mejor rock del panorama nacional actual. En Golpe de Voz no faltaran las entrevistas a los grupos m\u00e1s destacados, Novedades Musicales, Rese\u00f1as y Agenda de Conciertos. Director y Presentador: Juan Sin Tetxo Colaborador: Manolo Garito Horario: LUNES de 18:00 [&hellip;]<\/p>\n","protected":false},"author":1,"featured_media":0,"parent":0,"menu_order":0,"comment_status":"closed","ping_status":"closed","template":"","meta":{"ocean_post_layout":"","ocean_both_sidebars_style":"","ocean_both_sidebars_content_width":0,"ocean_both_sidebars_sidebars_width":0,"ocean_sidebar":"0","ocean_second_sidebar":"0","ocean_disable_margins":"enable","ocean_add_body_class":"","ocean_shortcode_before_top_bar":"","ocean_shortcode_after_top_bar":"","ocean_shortcode_before_header":"","ocean_shortcode_after_header":"","ocean_has_shortcode":"","ocean_shortcode_after_title":"","ocean_shortcode_before_footer_widgets":"","ocean_shortcode_after_footer_widgets":"","ocean_shortcode_before_footer_bottom":"","ocean_shortcode_after_footer_bottom":"","ocean_display_top_bar":"default","ocean_display_header":"default","ocean_header_style":"","ocean_center_header_left_menu":"0","ocean_custom_header_template":"0","ocean_custom_logo":0,"ocean_custom_retina_logo":0,"ocean_custom_logo_max_width":0,"ocean_custom_logo_tablet_max_width":0,"ocean_custom_logo_mobile_max_width":0,"ocean_custom_logo_max_height":0,"ocean_custom_logo_tablet_max_height":0,"ocean_custom_logo_mobile_max_height":0,"ocean_header_custom_menu":"0","ocean_menu_typo_font_family":"0","ocean_menu_typo_font_subset":"","ocean_menu_typo_font_size":0,"ocean_menu_typo_font_size_tablet":0,"ocean_menu_typo_font_size_mobile":0,"ocean_menu_typo_font_size_unit":"px","ocean_menu_typo_font_weight":"","ocean_menu_typo_font_weight_tablet":"","ocean_menu_typo_font_weight_mobile":"","ocean_menu_typo_transform":"","ocean_menu_typo_transform_tablet":"","ocean_menu_typo_transform_mobile":"","ocean_menu_typo_line_height":0,"ocean_menu_typo_line_height_tablet":0,"ocean_menu_typo_line_height_mobile":0,"ocean_menu_typo_line_height_unit":"","ocean_menu_typo_spacing":0,"ocean_menu_typo_spacing_tablet":0,"ocean_menu_typo_spacing_mobile":0,"ocean_menu_typo_spacing_unit":"","ocean_menu_link_color":"","ocean_menu_link_color_hover":"","ocean_menu_link_color_active":"","ocean_menu_link_background":"","ocean_menu_link_hover_background":"","ocean_menu_link_active_background":"","ocean_menu_social_links_bg":"","ocean_menu_social_hover_links_bg":"","ocean_menu_social_links_color":"","ocean_menu_social_hover_links_color":"","ocean_disable_title":"default","ocean_disable_heading":"default","ocean_post_title":"","ocean_post_subheading":"","ocean_post_title_style":"","ocean_post_title_background_color":"","ocean_post_title_background":0,"ocean_post_title_bg_image_position":"","ocean_post_title_bg_image_attachment":"","ocean_post_title_bg_image_repeat":"","ocean_post_title_bg_image_size":"","ocean_post_title_height":0,"ocean_post_title_bg_overlay":0.5,"ocean_post_title_bg_overlay_color":"","ocean_disable_breadcrumbs":"default","ocean_breadcrumbs_color":"","ocean_breadcrumbs_separator_color":"","ocean_breadcrumbs_links_color":"","ocean_breadcrumbs_links_hover_color":"","ocean_display_footer_widgets":"default","ocean_display_footer_bottom":"default","ocean_custom_footer_template":"0","footnotes":""},"class_list":["post-13144","page","type-page","status-publish","hentry","entry"],"_links":{"self":[{"href":"https:\/\/lavirgendelcamino.info\/doblevradio\/index.php?rest_route=\/wp\/v2\/pages\/13144","targetHints":{"allow":["GET"]}}],"collection":[{"href":"https:\/\/lavirgendelcamino.info\/doblevradio\/index.php?rest_route=\/wp\/v2\/pages"}],"about":[{"href":"https:\/\/lavirgendelcamino.info\/doblevradio\/index.php?rest_route=\/wp\/v2\/types\/page"}],"author":[{"embeddable":true,"href":"https:\/\/lavirgendelcamino.info\/doblevradio\/index.php?rest_route=\/wp\/v2\/users\/1"}],"replies":[{"embeddable":true,"href":"https:\/\/lavirgendelcamino.info\/doblevradio\/index.php?rest_route=%2Fwp%2Fv2%2Fcomments&post=13144"}],"version-history":[{"count":12,"href":"https:\/\/lavirgendelcamino.info\/doblevradio\/index.php?rest_route=\/wp\/v2\/pages\/13144\/revisions"}],"predecessor-version":[{"id":13451,"href":"https:\/\/lavirgendelcamino.info\/doblevradio\/index.php?rest_route=\/wp\/v2\/pages\/13144\/revisions\/13451"}],"wp:attachment":[{"href":"https:\/\/lavirgendelcamino.info\/doblevradio\/index.php?rest_route=%2Fwp%2Fv2%2Fmedia&parent=13144"}],"curies":[{"name":"wp","href":"https:\/\/api.w.org\/{rel}","templated":true}]}}